{"id":560,"date":"2024-11-20T10:15:17","date_gmt":"2024-11-20T09:15:17","guid":{"rendered":"https:\/\/www.slea-tec.de\/?page_id=560"},"modified":"2025-03-12T12:58:41","modified_gmt":"2025-03-12T11:58:41","slug":"ueber-slea-tec","status":"publish","type":"page","link":"https:\/\/www.slea-tec.de\/archive\/ueber-slea-tec\/","title":{"rendered":"\u00dcber SLEA-TEC"},"content":{"rendered":"<div class=\"wpb-content-wrapper\"><p>[vc_row][vc_column][vc_column_text css=&#8221;&#8221;]<\/p>\n<h3>Geschichte wird gemacht<br \/>\nEs geht voran<\/h3>\n<h2>\u00dcber SLEA-TEC<\/h2>\n<p>Wir sind ein junges und dynamisches Unternehmen, gegr\u00fcndet im Jahr 2007, mit Firmensitz in der Niemetzstr. 20 in 12055 Berlin.<br \/>\nMit einer derzeitig steigenden Anzahl von 105 Mitarbeiterinnen und Mitarbeitern sind wir immer bem\u00fcht, unsere Aufgaben qualitativ zuverl\u00e4ssig, verantwortungsbewusst und termingerecht auszuf\u00fchren.<br \/>\nDie Firma SLEA-TEC GmbH ist in Berlin und Brandenburg t\u00e4tig und Mitglied im Deutschen Abbruchverband.[\/vc_column_text][vc_btn title=&#8221;Interaktive Brosch\u00fcre&#8221; color=&#8221;red-transparent-bg&#8221; css=&#8221;&#8221; link=&#8221;url:https%3A%2F%2Fonline.fliphtml5.com%2Fuvgev%2Fmrbx%2F|title:Zum%20Flipbook|target:_blank&#8221;][\/vc_column][\/vc_row][vc_row full_width=&#8221;stretch_row&#8221; css=&#8221;.vc_custom_1733223683478{background-color: #A9A8A80F !important;}&#8221;][vc_column][vc_row_inner][vc_column_inner][vc_column_text css=&#8221;&#8221;]<strong>2007<\/strong><br \/>\nGr\u00fcndung Geb\u00e4udereinigung in Berlin-Neuk\u00f6lln[\/vc_column_text][\/vc_column_inner][\/vc_row_inner][\/vc_column][\/vc_row][vc_row full_width=&#8221;stretch_row&#8221;][vc_column][vc_row_inner][vc_column_inner][vc_column_text css=&#8221;&#8221;]<strong>2013<\/strong><br \/>\nMitglied im Deutschen Abbruchverband;<br \/>\nErweiterung der Geb\u00e4udereinigung mit Etablierung der Abteilung Abbruch \/ Schadstoffsanierung[\/vc_column_text][\/vc_column_inner][\/vc_row_inner][\/vc_column][\/vc_row][vc_row full_width=&#8221;stretch_row&#8221; css=&#8221;.vc_custom_1732093845151{background-color: #A9A8A80F !important;}&#8221;][vc_column][vc_row_inner][vc_column_inner][vc_column_text css=&#8221;&#8221;]<strong>2015<\/strong><br \/>\nErweiterung der Dekontaminationstechnologien durch leistungsstarke UHG\u00b4s;<br \/>\nAusbau des Maschinenparks und der Mitarbeiterzahl;<br \/>\nUmsatzsteigerung auf 5 Mill. EUR.[\/vc_column_text][\/vc_column_inner][\/vc_row_inner][\/vc_column][\/vc_row][vc_row full_width=&#8221;stretch_row&#8221;][vc_column][vc_row_inner][vc_column_inner][vc_column_text css=&#8221;&#8221;]<strong>2018<\/strong><br \/>\nAnschaffung von Brokk-Abbruchrobotern;<br \/>\nSteigerung des Personals auf \u00fcber 30 Mitarbeiter:innen.[\/vc_column_text][\/vc_column_inner][\/vc_row_inner][\/vc_column][\/vc_row][vc_row full_width=&#8221;stretch_row&#8221; css=&#8221;.vc_custom_1732093845151{background-color: #A9A8A80F !important;}&#8221;][vc_column][vc_row_inner][vc_column_inner][vc_column_text css=&#8221;&#8221;]<strong>2019<\/strong><br \/>\nGr\u00fcndung der Rohbauabteilung;<br \/>\nErlangung der Zulassung f\u00fcr Arbeiten bei Vorhandensein von Asbest in schwach gebundener Form (ausgestellt vom Landesamt f\u00fcr Arbeitsschutz, Gesundheitsschutz und technische Sicherheit Berlin &#8211; LAGetSi);<br \/>\nUmsatzsteigerung auf 9 Mill. EUR.[\/vc_column_text][\/vc_column_inner][\/vc_row_inner][\/vc_column][\/vc_row][vc_row full_width=&#8221;stretch_row&#8221;][vc_column][vc_row_inner][vc_column_inner][vc_column_text css=&#8221;&#8221;]<strong>2021<\/strong><br \/>\nErlangung des IS0 9001:2015 Zertifikats sowie KIWA-Zertifizierung f\u00fcr Bewehrungsanschl\u00fcsse.[\/vc_column_text][\/vc_column_inner][\/vc_row_inner][\/vc_column][\/vc_row][vc_row full_width=&#8221;stretch_row&#8221; css=&#8221;.vc_custom_1732093845151{background-color: #A9A8A80F !important;}&#8221;][vc_column][vc_row_inner][vc_column_inner][vc_column_text css=&#8221;&#8221;]<strong>2023<\/strong><br \/>\nZertifizierung IS0 14001:2015;<br \/>\nAusbau des Maschineparks;<br \/>\nErweiterung des Firmensitzes durch B\u00fcroneubau;<br \/>\nBeginn des QM-Managementsystems zur SCC Zertifizierung;<br \/>\numfangreiche Personal-Schulungen wie Brandschutz, EuP, Bef\u00e4higung zur Ger\u00fcstabnahme, Erste Hilfe, Ausbildung mehrerer SiGeKo- und SGU- Beauftragten.[\/vc_column_text][\/vc_column_inner][\/vc_row_inner][\/vc_column][\/vc_row][vc_row][vc_column][vc_row_inner][vc_column_inner][vc_column_text css=&#8221;&#8221;]<strong>2024<\/strong><br \/>\nVollst\u00e4ndige SCC-Zertifizierung der Firma und Beginn der Schadstoffsanierung im Kraftwerksbereich, weitere Personal-Schulungen und Ausbildungen in Sicherheits- und umweltrelevanten Bereichen;<br \/>\nUmsatzsteigerung auf \u00fcber 25 Mill. EUR.[\/vc_column_text][\/vc_column_inner][\/vc_row_inner][\/vc_column][\/vc_row][vc_row full_width=&#8221;stretch_row&#8221; css=&#8221;.vc_custom_1732093845151{background-color: #A9A8A80F !important;}&#8221;][vc_column][vc_row_inner][vc_column_inner][vc_column_text css=&#8221;.vc_custom_1732094040354{margin-bottom: 0px !important;}&#8221;]<b>2024<\/b>[\/vc_column_text][vc_single_image image=&#8221;596&#8243; css=&#8221;&#8221;][\/vc_column_inner][\/vc_row_inner][\/vc_column][\/vc_row]<\/p>\n<\/div>","protected":false},"excerpt":{"rendered":"<p>[vc_row][vc_column][vc_column_text css=&#8221;&#8221;] Geschichte wird gemacht Es geht voran \u00dcber SLEA-TEC Wir sind ein junges und dynamisches Unternehmen, gegr\u00fcndet im Jahr 2007, mit Firmensitz in der Niemetzstr. 20 in 12055 Berlin. Mit einer derzeitig steigenden Anzahl von 105 Mitarbeiterinnen und Mitarbeitern sind wir immer bem\u00fcht, unsere Aufgaben qualitativ zuverl\u00e4ssig, verantwortungsbewusst und termingerecht auszuf\u00fchren. Die Firma SLEA-TEC GmbH ist in Berlin und Brandenburg t\u00e4tig und Mitglied im Deutschen Abbruchverband.[\/vc_column_text][vc_btn title=&#8221;Interaktive Brosch\u00fcre&#8221; color=&#8221;red-transparent-bg&#8221; css=&#8221;&#8221; link=&#8221;url:https%3A%2F%2Fonline.fliphtml5.com%2Fuvgev%2Fmrbx%2F|title:Zum%20Flipbook|target:_blank&#8221;][\/vc_column][\/vc_row][vc_row full_width=&#8221;stretch_row&#8221; css=&#8221;.vc_custom_1733223683478{background-color: #A9A8A80F !important;}&#8221;][vc_column][vc_row_inner][vc_column_inner][vc_column_text css=&#8221;&#8221;]2007 Gr\u00fcndung Geb\u00e4udereinigung in Berlin-Neuk\u00f6lln[\/vc_column_text][\/vc_column_inner][\/vc_row_inner][\/vc_column][\/vc_row][vc_row full_width=&#8221;stretch_row&#8221;][vc_column][vc_row_inner][vc_column_inner][vc_column_text css=&#8221;&#8221;]2013 Mitglied im Deutschen Abbruchverband; Erweiterung der Geb\u00e4udereinigung mit Etablierung der Abteilung Abbruch \/ Schadstoffsanierung[\/vc_column_text][\/vc_column_inner][\/vc_row_inner][\/vc_column][\/vc_row][vc_row full_width=&#8221;stretch_row&#8221; css=&#8221;.vc_custom_1732093845151{background-color: #A9A8A80F !important;}&#8221;][vc_column][vc_row_inner][vc_column_inner][vc_column_text css=&#8221;&#8221;]2015 Erweiterung der Dekontaminationstechnologien durch leistungsstarke UHG\u00b4s; Ausbau des Maschinenparks und der Mitarbeiterzahl; Umsatzsteigerung auf 5 Mill. EUR.[\/vc_column_text][\/vc_column_inner][\/vc_row_inner][\/vc_column][\/vc_row][vc_row full_width=&#8221;stretch_row&#8221;][vc_column][vc_row_inner][vc_column_inner][vc_column_text css=&#8221;&#8221;]2018 Anschaffung von Brokk-Abbruchrobotern; Steigerung des Personals auf \u00fcber 30 Mitarbeiter:innen.[\/vc_column_text][\/vc_column_inner][\/vc_row_inner][\/vc_column][\/vc_row][vc_row full_width=&#8221;stretch_row&#8221; css=&#8221;.vc_custom_1732093845151{background-color: #A9A8A80F !important;}&#8221;][vc_column][vc_row_inner][vc_column_inner][vc_column_text css=&#8221;&#8221;]2019 Gr\u00fcndung der Rohbauabteilung; Erlangung der Zulassung f\u00fcr Arbeiten bei Vorhandensein von Asbest in schwach gebundener Form (ausgestellt vom Landesamt f\u00fcr Arbeitsschutz, Gesundheitsschutz und technische Sicherheit Berlin &#8211; LAGetSi); Umsatzsteigerung auf 9 Mill. EUR.[\/vc_column_text][\/vc_column_inner][\/vc_row_inner][\/vc_column][\/vc_row][vc_row full_width=&#8221;stretch_row&#8221;][vc_column][vc_row_inner][vc_column_inner][vc_column_text css=&#8221;&#8221;]2021 Erlangung des IS0 9001:2015 Zertifikats sowie KIWA-Zertifizierung f\u00fcr Bewehrungsanschl\u00fcsse.[\/vc_column_text][\/vc_column_inner][\/vc_row_inner][\/vc_column][\/vc_row][vc_row full_width=&#8221;stretch_row&#8221; css=&#8221;.vc_custom_1732093845151{background-color: #A9A8A80F !important;}&#8221;][vc_column][vc_row_inner][vc_column_inner][vc_column_text css=&#8221;&#8221;]2023 Zertifizierung IS0 14001:2015; Ausbau des Maschineparks; Erweiterung des Firmensitzes durch B\u00fcroneubau; Beginn des QM-Managementsystems zur SCC Zertifizierung; umfangreiche Personal-Schulungen wie Brandschutz, EuP, Bef\u00e4higung zur Ger\u00fcstabnahme, Erste Hilfe, Ausbildung mehrerer SiGeKo- und SGU- Beauftragten.[\/vc_column_text][\/vc_column_inner][\/vc_row_inner][\/vc_column][\/vc_row][vc_row][vc_column][vc_row_inner][vc_column_inner][vc_column_text css=&#8221;&#8221;]2024 Vollst\u00e4ndige SCC-Zertifizierung der Firma und Beginn der Schadstoffsanierung im Kraftwerksbereich, weitere Personal-Schulungen und Ausbildungen in Sicherheits- und umweltrelevanten Bereichen; Umsatzsteigerung auf \u00fcber 25 Mill. EUR.[\/vc_column_text][\/vc_column_inner][\/vc_row_inner][\/vc_column][\/vc_row][vc_row full_width=&#8221;stretch_row&#8221; css=&#8221;.vc_custom_1732093845151{background-color: #A9A8A80F !important;}&#8221;][vc_column][vc_row_inner][vc_column_inner][vc_column_text css=&#8221;.vc_custom_1732094040354{margin-bottom: 0px !important;}&#8221;]2024[\/vc_column_text][vc_single_image image=&#8221;596&#8243; css=&#8221;&#8221;][\/vc_column_inner][\/vc_row_inner][\/vc_column][\/vc_row]<\/p>\n","protected":false},"author":1,"featured_media":687,"parent":0,"menu_order":2,"comment_status":"closed","ping_status":"closed","template":"","meta":{"_acf_changed":false,"inline_featured_image":false,"footnotes":""},"class_list":["post-560","page","type-page","status-publish","has-post-thumbnail","hentry"],"acf":[],"yoast_head":"<!-- This site is optimized with the Yoast SEO plugin v25.2 - https:\/\/yoast.com\/wordpress\/plugins\/seo\/ -->\n<title>\u00dcber SLEA-TEC - SLEA TEC GmbH ARCHIV<\/title>\n<meta name=\"robots\" content=\"index, follow, max-snippet:-1, max-image-preview:large, max-video-preview:-1\" \/>\n<link rel=\"canonical\" href=\"https:\/\/www.slea-tec.de\/archive\/ueber-slea-tec\/\" \/>\n<meta property=\"og:locale\" content=\"en_US\" \/>\n<meta property=\"og:type\" content=\"article\" \/>\n<meta property=\"og:title\" content=\"\u00dcber SLEA-TEC - SLEA TEC GmbH ARCHIV\" \/>\n<meta property=\"og:description\" content=\"[vc_row][vc_column][vc_column_text css=&#8221;&#8221;] Geschichte wird gemacht Es geht voran \u00dcber SLEA-TEC Wir sind ein junges und dynamisches Unternehmen, gegr\u00fcndet im Jahr 2007, mit Firmensitz in der Niemetzstr. 20 in 12055 Berlin. Mit einer derzeitig steigenden Anzahl von 105 Mitarbeiterinnen und Mitarbeitern sind wir immer bem\u00fcht, unsere Aufgaben qualitativ zuverl\u00e4ssig, verantwortungsbewusst und termingerecht auszuf\u00fchren. Die Firma SLEA-TEC GmbH ist in Berlin und Brandenburg t\u00e4tig und Mitglied im Deutschen Abbruchverband.[\/vc_column_text][vc_btn title=&#8221;Interaktive Brosch\u00fcre&#8221; color=&#8221;red-transparent-bg&#8221; css=&#8221;&#8221; link=&#8221;url:https%3A%2F%2Fonline.fliphtml5.com%2Fuvgev%2Fmrbx%2F|title:Zum%20Flipbook|target:_blank&#8221;][\/vc_column][\/vc_row][vc_row full_width=&#8221;stretch_row&#8221; css=&#8221;.vc_custom_1733223683478{background-color: #A9A8A80F !important;}&#8221;][vc_column][vc_row_inner][vc_column_inner][vc_column_text css=&#8221;&#8221;]2007 Gr\u00fcndung Geb\u00e4udereinigung in Berlin-Neuk\u00f6lln[\/vc_column_text][\/vc_column_inner][\/vc_row_inner][\/vc_column][\/vc_row][vc_row full_width=&#8221;stretch_row&#8221;][vc_column][vc_row_inner][vc_column_inner][vc_column_text css=&#8221;&#8221;]2013 Mitglied im Deutschen Abbruchverband; Erweiterung der Geb\u00e4udereinigung mit Etablierung der Abteilung Abbruch \/ Schadstoffsanierung[\/vc_column_text][\/vc_column_inner][\/vc_row_inner][\/vc_column][\/vc_row][vc_row full_width=&#8221;stretch_row&#8221; css=&#8221;.vc_custom_1732093845151{background-color: #A9A8A80F !important;}&#8221;][vc_column][vc_row_inner][vc_column_inner][vc_column_text css=&#8221;&#8221;]2015 Erweiterung der Dekontaminationstechnologien durch leistungsstarke UHG\u00b4s; Ausbau des Maschinenparks und der Mitarbeiterzahl; Umsatzsteigerung auf 5 Mill. EUR.[\/vc_column_text][\/vc_column_inner][\/vc_row_inner][\/vc_column][\/vc_row][vc_row full_width=&#8221;stretch_row&#8221;][vc_column][vc_row_inner][vc_column_inner][vc_column_text css=&#8221;&#8221;]2018 Anschaffung von Brokk-Abbruchrobotern; Steigerung des Personals auf \u00fcber 30 Mitarbeiter:innen.[\/vc_column_text][\/vc_column_inner][\/vc_row_inner][\/vc_column][\/vc_row][vc_row full_width=&#8221;stretch_row&#8221; css=&#8221;.vc_custom_1732093845151{background-color: #A9A8A80F !important;}&#8221;][vc_column][vc_row_inner][vc_column_inner][vc_column_text css=&#8221;&#8221;]2019 Gr\u00fcndung der Rohbauabteilung; Erlangung der Zulassung f\u00fcr Arbeiten bei Vorhandensein von Asbest in schwach gebundener Form (ausgestellt vom Landesamt f\u00fcr Arbeitsschutz, Gesundheitsschutz und technische Sicherheit Berlin &#8211; LAGetSi); Umsatzsteigerung auf 9 Mill. EUR.[\/vc_column_text][\/vc_column_inner][\/vc_row_inner][\/vc_column][\/vc_row][vc_row full_width=&#8221;stretch_row&#8221;][vc_column][vc_row_inner][vc_column_inner][vc_column_text css=&#8221;&#8221;]2021 Erlangung des IS0 9001:2015 Zertifikats sowie KIWA-Zertifizierung f\u00fcr Bewehrungsanschl\u00fcsse.[\/vc_column_text][\/vc_column_inner][\/vc_row_inner][\/vc_column][\/vc_row][vc_row full_width=&#8221;stretch_row&#8221; css=&#8221;.vc_custom_1732093845151{background-color: #A9A8A80F !important;}&#8221;][vc_column][vc_row_inner][vc_column_inner][vc_column_text css=&#8221;&#8221;]2023 Zertifizierung IS0 14001:2015; Ausbau des Maschineparks; Erweiterung des Firmensitzes durch B\u00fcroneubau; Beginn des QM-Managementsystems zur SCC Zertifizierung; umfangreiche Personal-Schulungen wie Brandschutz, EuP, Bef\u00e4higung zur Ger\u00fcstabnahme, Erste Hilfe, Ausbildung mehrerer SiGeKo- und SGU- Beauftragten.[\/vc_column_text][\/vc_column_inner][\/vc_row_inner][\/vc_column][\/vc_row][vc_row][vc_column][vc_row_inner][vc_column_inner][vc_column_text css=&#8221;&#8221;]2024 Vollst\u00e4ndige SCC-Zertifizierung der Firma und Beginn der Schadstoffsanierung im Kraftwerksbereich, weitere Personal-Schulungen und Ausbildungen in Sicherheits- und umweltrelevanten Bereichen; Umsatzsteigerung auf \u00fcber 25 Mill. EUR.[\/vc_column_text][\/vc_column_inner][\/vc_row_inner][\/vc_column][\/vc_row][vc_row full_width=&#8221;stretch_row&#8221; css=&#8221;.vc_custom_1732093845151{background-color: #A9A8A80F !important;}&#8221;][vc_column][vc_row_inner][vc_column_inner][vc_column_text css=&#8221;.vc_custom_1732094040354{margin-bottom: 0px !important;}&#8221;]2024[\/vc_column_text][vc_single_image image=&#8221;596&#8243; css=&#8221;&#8221;][\/vc_column_inner][\/vc_row_inner][\/vc_column][\/vc_row]\" \/>\n<meta property=\"og:url\" content=\"https:\/\/www.slea-tec.de\/archive\/ueber-slea-tec\/\" \/>\n<meta property=\"og:site_name\" content=\"SLEA TEC GmbH ARCHIV\" \/>\n<meta property=\"article:modified_time\" content=\"2025-03-12T11:58:41+00:00\" \/>\n<meta property=\"og:image\" content=\"https:\/\/www.slea-tec.de\/archive\/wp-content\/uploads\/2024\/11\/Fokus-Schutt-SLEA-TEC-scaled.jpg\" \/>\n\t<meta property=\"og:image:width\" content=\"2560\" \/>\n\t<meta property=\"og:image:height\" content=\"1931\" \/>\n\t<meta property=\"og:image:type\" content=\"image\/jpeg\" \/>\n<meta name=\"twitter:card\" content=\"summary_large_image\" \/>\n<meta name=\"twitter:label1\" content=\"Est. reading time\" \/>\n\t<meta name=\"twitter:data1\" content=\"2 minutes\" \/>\n<script type=\"application\/ld+json\" class=\"yoast-schema-graph\">{\"@context\":\"https:\/\/schema.org\",\"@graph\":[{\"@type\":\"WebPage\",\"@id\":\"https:\/\/www.slea-tec.de\/archive\/ueber-slea-tec\/\",\"url\":\"https:\/\/www.slea-tec.de\/archive\/ueber-slea-tec\/\",\"name\":\"\u00dcber SLEA-TEC - SLEA TEC GmbH ARCHIV\",\"isPartOf\":{\"@id\":\"https:\/\/www.slea-tec.de\/archive\/#website\"},\"primaryImageOfPage\":{\"@id\":\"https:\/\/www.slea-tec.de\/archive\/ueber-slea-tec\/#primaryimage\"},\"image\":{\"@id\":\"https:\/\/www.slea-tec.de\/archive\/ueber-slea-tec\/#primaryimage\"},\"thumbnailUrl\":\"https:\/\/www.slea-tec.de\/archive\/wp-content\/uploads\/2024\/11\/Fokus-Schutt-SLEA-TEC-scaled.jpg\",\"datePublished\":\"2024-11-20T09:15:17+00:00\",\"dateModified\":\"2025-03-12T11:58:41+00:00\",\"breadcrumb\":{\"@id\":\"https:\/\/www.slea-tec.de\/archive\/ueber-slea-tec\/#breadcrumb\"},\"inLanguage\":\"en-US\",\"potentialAction\":[{\"@type\":\"ReadAction\",\"target\":[\"https:\/\/www.slea-tec.de\/archive\/ueber-slea-tec\/\"]}]},{\"@type\":\"ImageObject\",\"inLanguage\":\"en-US\",\"@id\":\"https:\/\/www.slea-tec.de\/archive\/ueber-slea-tec\/#primaryimage\",\"url\":\"https:\/\/www.slea-tec.de\/archive\/wp-content\/uploads\/2024\/11\/Fokus-Schutt-SLEA-TEC-scaled.jpg\",\"contentUrl\":\"https:\/\/www.slea-tec.de\/archive\/wp-content\/uploads\/2024\/11\/Fokus-Schutt-SLEA-TEC-scaled.jpg\",\"width\":2560,\"height\":1931},{\"@type\":\"BreadcrumbList\",\"@id\":\"https:\/\/www.slea-tec.de\/archive\/ueber-slea-tec\/#breadcrumb\",\"itemListElement\":[{\"@type\":\"ListItem\",\"position\":1,\"name\":\"Home\",\"item\":\"https:\/\/www.slea-tec.de\/archive\/\"},{\"@type\":\"ListItem\",\"position\":2,\"name\":\"\u00dcber SLEA-TEC\"}]},{\"@type\":\"WebSite\",\"@id\":\"https:\/\/www.slea-tec.de\/archive\/#website\",\"url\":\"https:\/\/www.slea-tec.de\/archive\/\",\"name\":\"SLEA TEC GmbH ARCHIV\",\"description\":\"\",\"potentialAction\":[{\"@type\":\"SearchAction\",\"target\":{\"@type\":\"EntryPoint\",\"urlTemplate\":\"https:\/\/www.slea-tec.de\/archive\/?s={search_term_string}\"},\"query-input\":{\"@type\":\"PropertyValueSpecification\",\"valueRequired\":true,\"valueName\":\"search_term_string\"}}],\"inLanguage\":\"en-US\"}]}<\/script>\n<!-- \/ Yoast SEO plugin. -->","yoast_head_json":{"title":"\u00dcber SLEA-TEC - SLEA TEC GmbH ARCHIV","robots":{"index":"index","follow":"follow","max-snippet":"max-snippet:-1","max-image-preview":"max-image-preview:large","max-video-preview":"max-video-preview:-1"},"canonical":"https:\/\/www.slea-tec.de\/archive\/ueber-slea-tec\/","og_locale":"en_US","og_type":"article","og_title":"\u00dcber SLEA-TEC - SLEA TEC GmbH ARCHIV","og_description":"[vc_row][vc_column][vc_column_text css=&#8221;&#8221;] Geschichte wird gemacht Es geht voran \u00dcber SLEA-TEC Wir sind ein junges und dynamisches Unternehmen, gegr\u00fcndet im Jahr 2007, mit Firmensitz in der Niemetzstr. 20 in 12055 Berlin. Mit einer derzeitig steigenden Anzahl von 105 Mitarbeiterinnen und Mitarbeitern sind wir immer bem\u00fcht, unsere Aufgaben qualitativ zuverl\u00e4ssig, verantwortungsbewusst und termingerecht auszuf\u00fchren. Die Firma SLEA-TEC GmbH ist in Berlin und Brandenburg t\u00e4tig und Mitglied im Deutschen Abbruchverband.[\/vc_column_text][vc_btn title=&#8221;Interaktive Brosch\u00fcre&#8221; color=&#8221;red-transparent-bg&#8221; css=&#8221;&#8221; link=&#8221;url:https%3A%2F%2Fonline.fliphtml5.com%2Fuvgev%2Fmrbx%2F|title:Zum%20Flipbook|target:_blank&#8221;][\/vc_column][\/vc_row][vc_row full_width=&#8221;stretch_row&#8221; css=&#8221;.vc_custom_1733223683478{background-color: #A9A8A80F !important;}&#8221;][vc_column][vc_row_inner][vc_column_inner][vc_column_text css=&#8221;&#8221;]2007 Gr\u00fcndung Geb\u00e4udereinigung in Berlin-Neuk\u00f6lln[\/vc_column_text][\/vc_column_inner][\/vc_row_inner][\/vc_column][\/vc_row][vc_row full_width=&#8221;stretch_row&#8221;][vc_column][vc_row_inner][vc_column_inner][vc_column_text css=&#8221;&#8221;]2013 Mitglied im Deutschen Abbruchverband; Erweiterung der Geb\u00e4udereinigung mit Etablierung der Abteilung Abbruch \/ Schadstoffsanierung[\/vc_column_text][\/vc_column_inner][\/vc_row_inner][\/vc_column][\/vc_row][vc_row full_width=&#8221;stretch_row&#8221; css=&#8221;.vc_custom_1732093845151{background-color: #A9A8A80F !important;}&#8221;][vc_column][vc_row_inner][vc_column_inner][vc_column_text css=&#8221;&#8221;]2015 Erweiterung der Dekontaminationstechnologien durch leistungsstarke UHG\u00b4s; Ausbau des Maschinenparks und der Mitarbeiterzahl; Umsatzsteigerung auf 5 Mill. EUR.[\/vc_column_text][\/vc_column_inner][\/vc_row_inner][\/vc_column][\/vc_row][vc_row full_width=&#8221;stretch_row&#8221;][vc_column][vc_row_inner][vc_column_inner][vc_column_text css=&#8221;&#8221;]2018 Anschaffung von Brokk-Abbruchrobotern; Steigerung des Personals auf \u00fcber 30 Mitarbeiter:innen.[\/vc_column_text][\/vc_column_inner][\/vc_row_inner][\/vc_column][\/vc_row][vc_row full_width=&#8221;stretch_row&#8221; css=&#8221;.vc_custom_1732093845151{background-color: #A9A8A80F !important;}&#8221;][vc_column][vc_row_inner][vc_column_inner][vc_column_text css=&#8221;&#8221;]2019 Gr\u00fcndung der Rohbauabteilung; Erlangung der Zulassung f\u00fcr Arbeiten bei Vorhandensein von Asbest in schwach gebundener Form (ausgestellt vom Landesamt f\u00fcr Arbeitsschutz, Gesundheitsschutz und technische Sicherheit Berlin &#8211; LAGetSi); Umsatzsteigerung auf 9 Mill. EUR.[\/vc_column_text][\/vc_column_inner][\/vc_row_inner][\/vc_column][\/vc_row][vc_row full_width=&#8221;stretch_row&#8221;][vc_column][vc_row_inner][vc_column_inner][vc_column_text css=&#8221;&#8221;]2021 Erlangung des IS0 9001:2015 Zertifikats sowie KIWA-Zertifizierung f\u00fcr Bewehrungsanschl\u00fcsse.[\/vc_column_text][\/vc_column_inner][\/vc_row_inner][\/vc_column][\/vc_row][vc_row full_width=&#8221;stretch_row&#8221; css=&#8221;.vc_custom_1732093845151{background-color: #A9A8A80F !important;}&#8221;][vc_column][vc_row_inner][vc_column_inner][vc_column_text css=&#8221;&#8221;]2023 Zertifizierung IS0 14001:2015; Ausbau des Maschineparks; Erweiterung des Firmensitzes durch B\u00fcroneubau; Beginn des QM-Managementsystems zur SCC Zertifizierung; umfangreiche Personal-Schulungen wie Brandschutz, EuP, Bef\u00e4higung zur Ger\u00fcstabnahme, Erste Hilfe, Ausbildung mehrerer SiGeKo- und SGU- Beauftragten.[\/vc_column_text][\/vc_column_inner][\/vc_row_inner][\/vc_column][\/vc_row][vc_row][vc_column][vc_row_inner][vc_column_inner][vc_column_text css=&#8221;&#8221;]2024 Vollst\u00e4ndige SCC-Zertifizierung der Firma und Beginn der Schadstoffsanierung im Kraftwerksbereich, weitere Personal-Schulungen und Ausbildungen in Sicherheits- und umweltrelevanten Bereichen; Umsatzsteigerung auf \u00fcber 25 Mill. EUR.[\/vc_column_text][\/vc_column_inner][\/vc_row_inner][\/vc_column][\/vc_row][vc_row full_width=&#8221;stretch_row&#8221; css=&#8221;.vc_custom_1732093845151{background-color: #A9A8A80F !important;}&#8221;][vc_column][vc_row_inner][vc_column_inner][vc_column_text css=&#8221;.vc_custom_1732094040354{margin-bottom: 0px !important;}&#8221;]2024[\/vc_column_text][vc_single_image image=&#8221;596&#8243; css=&#8221;&#8221;][\/vc_column_inner][\/vc_row_inner][\/vc_column][\/vc_row]","og_url":"https:\/\/www.slea-tec.de\/archive\/ueber-slea-tec\/","og_site_name":"SLEA TEC GmbH ARCHIV","article_modified_time":"2025-03-12T11:58:41+00:00","og_image":[{"width":2560,"height":1931,"url":"https:\/\/www.slea-tec.de\/archive\/wp-content\/uploads\/2024\/11\/Fokus-Schutt-SLEA-TEC-scaled.jpg","type":"image\/jpeg"}],"twitter_card":"summary_large_image","twitter_misc":{"Est. reading time":"2 minutes"},"schema":{"@context":"https:\/\/schema.org","@graph":[{"@type":"WebPage","@id":"https:\/\/www.slea-tec.de\/archive\/ueber-slea-tec\/","url":"https:\/\/www.slea-tec.de\/archive\/ueber-slea-tec\/","name":"\u00dcber SLEA-TEC - SLEA TEC GmbH ARCHIV","isPartOf":{"@id":"https:\/\/www.slea-tec.de\/archive\/#website"},"primaryImageOfPage":{"@id":"https:\/\/www.slea-tec.de\/archive\/ueber-slea-tec\/#primaryimage"},"image":{"@id":"https:\/\/www.slea-tec.de\/archive\/ueber-slea-tec\/#primaryimage"},"thumbnailUrl":"https:\/\/www.slea-tec.de\/archive\/wp-content\/uploads\/2024\/11\/Fokus-Schutt-SLEA-TEC-scaled.jpg","datePublished":"2024-11-20T09:15:17+00:00","dateModified":"2025-03-12T11:58:41+00:00","breadcrumb":{"@id":"https:\/\/www.slea-tec.de\/archive\/ueber-slea-tec\/#breadcrumb"},"inLanguage":"en-US","potentialAction":[{"@type":"ReadAction","target":["https:\/\/www.slea-tec.de\/archive\/ueber-slea-tec\/"]}]},{"@type":"ImageObject","inLanguage":"en-US","@id":"https:\/\/www.slea-tec.de\/archive\/ueber-slea-tec\/#primaryimage","url":"https:\/\/www.slea-tec.de\/archive\/wp-content\/uploads\/2024\/11\/Fokus-Schutt-SLEA-TEC-scaled.jpg","contentUrl":"https:\/\/www.slea-tec.de\/archive\/wp-content\/uploads\/2024\/11\/Fokus-Schutt-SLEA-TEC-scaled.jpg","width":2560,"height":1931},{"@type":"BreadcrumbList","@id":"https:\/\/www.slea-tec.de\/archive\/ueber-slea-tec\/#breadcrumb","itemListElement":[{"@type":"ListItem","position":1,"name":"Home","item":"https:\/\/www.slea-tec.de\/archive\/"},{"@type":"ListItem","position":2,"name":"\u00dcber SLEA-TEC"}]},{"@type":"WebSite","@id":"https:\/\/www.slea-tec.de\/archive\/#website","url":"https:\/\/www.slea-tec.de\/archive\/","name":"SLEA TEC GmbH ARCHIV","description":"","potentialAction":[{"@type":"SearchAction","target":{"@type":"EntryPoint","urlTemplate":"https:\/\/www.slea-tec.de\/archive\/?s={search_term_string}"},"query-input":{"@type":"PropertyValueSpecification","valueRequired":true,"valueName":"search_term_string"}}],"inLanguage":"en-US"}]}},"_links":{"self":[{"href":"https:\/\/www.slea-tec.de\/archive\/wp-json\/wp\/v2\/pages\/560","targetHints":{"allow":["GET"]}}],"collection":[{"href":"https:\/\/www.slea-tec.de\/archive\/wp-json\/wp\/v2\/pages"}],"about":[{"href":"https:\/\/www.slea-tec.de\/archive\/wp-json\/wp\/v2\/types\/page"}],"author":[{"embeddable":true,"href":"https:\/\/www.slea-tec.de\/archive\/wp-json\/wp\/v2\/users\/1"}],"replies":[{"embeddable":true,"href":"https:\/\/www.slea-tec.de\/archive\/wp-json\/wp\/v2\/comments?post=560"}],"version-history":[{"count":30,"href":"https:\/\/www.slea-tec.de\/archive\/wp-json\/wp\/v2\/pages\/560\/revisions"}],"predecessor-version":[{"id":1230,"href":"https:\/\/www.slea-tec.de\/archive\/wp-json\/wp\/v2\/pages\/560\/revisions\/1230"}],"wp:featuredmedia":[{"embeddable":true,"href":"https:\/\/www.slea-tec.de\/archive\/wp-json\/wp\/v2\/media\/687"}],"wp:attachment":[{"href":"https:\/\/www.slea-tec.de\/archive\/wp-json\/wp\/v2\/media?parent=560"}],"curies":[{"name":"wp","href":"https:\/\/api.w.org\/{rel}","templated":true}]}}