{"id":565,"date":"2024-11-20T10:26:10","date_gmt":"2024-11-20T09:26:10","guid":{"rendered":"https:\/\/www.slea-tec.de\/?page_id=565"},"modified":"2024-12-16T10:01:36","modified_gmt":"2024-12-16T09:01:36","slug":"unser-team","status":"publish","type":"page","link":"https:\/\/www.slea-tec.de\/archive\/ueber-slea-tec\/unser-team\/","title":{"rendered":"Unser Team"},"content":{"rendered":"<div class=\"wpb-content-wrapper\"><p>[vc_row gap=&#8221;35&#8243;][vc_column width=&#8221;1\/2&#8243;][vc_column_text css=&#8221;&#8221;]<\/p>\n<h3>F\u00fcr die Bew\u00e4ltigung<br \/>\nunsere t\u00e4glichen Aufgaben<\/h3>\n<h2>Unser Team<\/h2>\n<p>Kommunikation, innovative Inputs und ein gemeinsamer Austausch geh\u00f6ren bei Slea-Tec zur Praxis, und entsprechen unserem t\u00e4glichen Handeln.<\/p>\n<p>Qualifizierte Expertinnen und Experten nehmen sich mit der gr\u00f6\u00dftm\u00f6glichen Aufmerksamkeit unterschiedlichsten Problemen an und finden in konstruktiven Dialogen Ans\u00e4tze f\u00fcr spezifische L\u00f6sungen.<\/p>\n<blockquote><p>Voneinander zu lernen, sich gemeinsam weiterzuentwickeln, um Ziele unserer Kunden und unsere eigenen zu erreichen, so lie\u00dfe sich am besten das Selbstverst\u00e4ndis von Slea-Tec beschreiben.\u201d<\/p>\n<p><strong>Vesna Kostic<\/strong><br \/>\n<strong>Gesch\u00e4ftsf\u00fchrerin Slea-Tec<\/strong><\/p><\/blockquote>\n<p>[\/vc_column_text][\/vc_column][vc_column width=&#8221;1\/2&#8243;][vc_single_image image=&#8221;984&#8243; css=&#8221;&#8221;][\/vc_column][\/vc_row][vc_row gap=&#8221;35&#8243;][vc_column width=&#8221;7\/12&#8243;][vc_row_inner][vc_column_inner width=&#8221;1\/2&#8243;][vc_single_image image=&#8221;613&#8243; css=&#8221;.vc_custom_1732400845534{margin-bottom: 10px !important;}&#8221;][vc_column_text css=&#8221;&#8221;]<strong>Daniel Rado<\/strong><br \/>\n<strong>Technische Leitung<\/strong>[\/vc_column_text][\/vc_column_inner][vc_column_inner width=&#8221;1\/2&#8243;][vc_single_image image=&#8221;612&#8243; css=&#8221;.vc_custom_1732400854160{margin-bottom: 10px !important;}&#8221;][vc_column_text css=&#8221;&#8221;]<strong>Bojan Kricka<br \/>\nKaufm\u00e4nnische Leitung<\/strong>[\/vc_column_text][\/vc_column_inner][\/vc_row_inner][vc_row_inner][vc_column_inner width=&#8221;1\/2&#8243;][vc_single_image image=&#8221;608&#8243; css=&#8221;.vc_custom_1732400863290{margin-bottom: 10px !important;}&#8221;][vc_column_text css=&#8221;&#8221;]<strong>Jens Horstmann<br \/>\nHuman Ressources<\/strong>[\/vc_column_text][\/vc_column_inner][vc_column_inner width=&#8221;1\/2&#8243;][vc_single_image image=&#8221;980&#8243; css=&#8221;.vc_custom_1733342700492{margin-bottom: 10px !important;}&#8221;][vc_column_text css=&#8221;&#8221;]<strong>Daniel Radosavljevic<br \/>\nEinkauf und Logistik<\/strong>[\/vc_column_text][\/vc_column_inner][\/vc_row_inner][vc_row_inner][vc_column_inner width=&#8221;1\/2&#8243;][vc_single_image image=&#8221;1011&#8243; css=&#8221;.vc_custom_1734337711015{margin-bottom: 10px !important;}&#8221;][vc_column_text css=&#8221;&#8221;]<strong>Mark Cloos<br \/>\nStoffstrommanagement<\/strong>[\/vc_column_text][\/vc_column_inner][vc_column_inner width=&#8221;1\/2&#8243;][vc_single_image image=&#8221;611&#8243; css=&#8221;.vc_custom_1732400889932{margin-bottom: 10px !important;}&#8221;][vc_column_text css=&#8221;&#8221;]<strong>Andreas Wegner<br \/>\nPublic Relations<\/strong>[\/vc_column_text][\/vc_column_inner][\/vc_row_inner][\/vc_column][vc_column width=&#8221;5\/12&#8243;][vc_single_image image=&#8221;610&#8243; css=&#8221;.vc_custom_1732791758398{margin-bottom: 70px !important;}&#8221;][vc_column_text css=&#8221;&#8221;]<\/p>\n<blockquote><p>In der Baubranche ist Sicherheit ein zentrales Thema. Unser Unternehmen priorisiert Sicherheitsinitiativen und Schulungen zum Wohl unserer Mitarbeiter. Dies st\u00e4rkt nicht nur den Zusammenhalt im Team, sondern dokumentiert auch unser Engagement f\u00fcr eine positive Arbeitsumgebung.<\/p>\n<p>Synergieeffekte aus den verschiedenen T\u00e4tigkeitsfeldern wie Altlastensanierung, Abbruch, Erdbau und Rohbau werden permanent optimiert. Dabei spielen Arbeitssicherheit und R\u00fccksichtnahme auf die Umwelt eine zentrale Rolle.<\/p>\n<p><strong>Roman Riedel<\/strong><br \/>\n<strong>Arbeits- \/ Sicherheitsbeauftragter<\/strong><\/p><\/blockquote>\n<p>[\/vc_column_text][\/vc_column][\/vc_row][vc_row full_width=&#8221;stretch_row&#8221; css=&#8221;.vc_custom_1732362871531{background-color: #A9A8A80F !important;}&#8221;][vc_column][vc_row_inner gap=&#8221;35&#8243;][vc_column_inner width=&#8221;1\/2&#8243;][vc_column_text css=&#8221;&#8221;]<\/p>\n<h3>Bei SLEA-TEC wird Pers\u00f6nlichkeit nicht nur gro\u00df geschrieben, sondern auch gelebt.<\/h3>\n<h2>Unsere Leistungs-Tr\u00e4ger 2024<\/h2>\n<blockquote><p>Gestalte deine Zukunft mit uns, Kreativit\u00e4t kennt keine Grenzen und ist besonders auf dem Bau gefragt. Ob Quereinsteiger:in, Fachkraft oder mit einem Master, es gibt vielf\u00e4ltige M\u00f6glichkeiten, deine Karriere bei Slea-Tec zu starten.<\/p>\n<p><strong>Jens Horstmann<\/strong><br \/>\n<strong>Human Ressources, Slea-Tec<\/strong><\/p><\/blockquote>\n<p>[\/vc_column_text][\/vc_column_inner][vc_column_inner width=&#8221;1\/2&#8243;][vc_single_image image=&#8221;1013&#8243; css=&#8221;&#8221;][\/vc_column_inner][\/vc_row_inner][\/vc_column][\/vc_row][vc_row gap=&#8221;35&#8243; content_placement=&#8221;bottom&#8221;][vc_column width=&#8221;1\/3&#8243;][vc_column_text css=&#8221;&#8221;]<\/p>\n<blockquote><p>Die Arbeit ist nicht schwer, ok, manchmal schon&#8230; aber man muss ein bisschen Interesse haben, dann geht es gut. Ja&#8230; ansonsten wir sind hier ein gutes Team, wie eine Familie, alles super.<\/p>\n<p><strong>Catalin Lefter<\/strong><br \/>\n<strong>Vorarbeiter Slea-Tec<\/strong><\/p><\/blockquote>\n<p>[\/vc_column_text][\/vc_column][vc_column width=&#8221;2\/3&#8243;][vc_single_image image=&#8221;589&#8243; css=&#8221;&#8221;][\/vc_column][\/vc_row]<\/p>\n<\/div>","protected":false},"excerpt":{"rendered":"<p>[vc_row gap=&#8221;35&#8243;][vc_column width=&#8221;1\/2&#8243;][vc_column_text css=&#8221;&#8221;] F\u00fcr die Bew\u00e4ltigung unsere t\u00e4glichen Aufgaben Unser Team Kommunikation, innovative Inputs und ein gemeinsamer Austausch geh\u00f6ren bei Slea-Tec zur Praxis, und entsprechen unserem t\u00e4glichen Handeln. Qualifizierte Expertinnen und Experten nehmen sich mit der gr\u00f6\u00dftm\u00f6glichen Aufmerksamkeit unterschiedlichsten Problemen an und finden in konstruktiven Dialogen Ans\u00e4tze f\u00fcr spezifische L\u00f6sungen. Voneinander zu lernen, sich gemeinsam weiterzuentwickeln, um Ziele unserer Kunden und unsere eigenen zu erreichen, so lie\u00dfe sich am besten das Selbstverst\u00e4ndis von Slea-Tec beschreiben.\u201d Vesna Kostic Gesch\u00e4ftsf\u00fchrerin Slea-Tec [\/vc_column_text][\/vc_column][vc_column width=&#8221;1\/2&#8243;][vc_single_image image=&#8221;984&#8243; css=&#8221;&#8221;][\/vc_column][\/vc_row][vc_row gap=&#8221;35&#8243;][vc_column width=&#8221;7\/12&#8243;][vc_row_inner][vc_column_inner width=&#8221;1\/2&#8243;][vc_single_image image=&#8221;613&#8243; css=&#8221;.vc_custom_1732400845534{margin-bottom: 10px !important;}&#8221;][vc_column_text css=&#8221;&#8221;]Daniel Rado Technische Leitung[\/vc_column_text][\/vc_column_inner][vc_column_inner width=&#8221;1\/2&#8243;][vc_single_image image=&#8221;612&#8243; css=&#8221;.vc_custom_1732400854160{margin-bottom: 10px !important;}&#8221;][vc_column_text css=&#8221;&#8221;]Bojan Kricka Kaufm\u00e4nnische Leitung[\/vc_column_text][\/vc_column_inner][\/vc_row_inner][vc_row_inner][vc_column_inner width=&#8221;1\/2&#8243;][vc_single_image image=&#8221;608&#8243; css=&#8221;.vc_custom_1732400863290{margin-bottom: 10px !important;}&#8221;][vc_column_text css=&#8221;&#8221;]Jens Horstmann Human Ressources[\/vc_column_text][\/vc_column_inner][vc_column_inner width=&#8221;1\/2&#8243;][vc_single_image image=&#8221;980&#8243; css=&#8221;.vc_custom_1733342700492{margin-bottom: 10px !important;}&#8221;][vc_column_text css=&#8221;&#8221;]Daniel Radosavljevic Einkauf und Logistik[\/vc_column_text][\/vc_column_inner][\/vc_row_inner][vc_row_inner][vc_column_inner width=&#8221;1\/2&#8243;][vc_single_image image=&#8221;1011&#8243; css=&#8221;.vc_custom_1734337711015{margin-bottom: 10px !important;}&#8221;][vc_column_text css=&#8221;&#8221;]Mark Cloos Stoffstrommanagement[\/vc_column_text][\/vc_column_inner][vc_column_inner width=&#8221;1\/2&#8243;][vc_single_image image=&#8221;611&#8243; css=&#8221;.vc_custom_1732400889932{margin-bottom: 10px !important;}&#8221;][vc_column_text css=&#8221;&#8221;]Andreas Wegner Public Relations[\/vc_column_text][\/vc_column_inner][\/vc_row_inner][\/vc_column][vc_column width=&#8221;5\/12&#8243;][vc_single_image image=&#8221;610&#8243; css=&#8221;.vc_custom_1732791758398{margin-bottom: 70px !important;}&#8221;][vc_column_text css=&#8221;&#8221;] In der Baubranche ist Sicherheit ein zentrales Thema. Unser Unternehmen priorisiert Sicherheitsinitiativen und Schulungen zum Wohl unserer Mitarbeiter. Dies st\u00e4rkt nicht nur den Zusammenhalt im Team, sondern dokumentiert auch unser Engagement f\u00fcr eine positive Arbeitsumgebung. Synergieeffekte aus den verschiedenen T\u00e4tigkeitsfeldern wie Altlastensanierung, Abbruch, Erdbau und Rohbau werden permanent optimiert. Dabei spielen Arbeitssicherheit und R\u00fccksichtnahme auf die Umwelt eine zentrale Rolle. Roman Riedel Arbeits- \/ Sicherheitsbeauftragter [\/vc_column_text][\/vc_column][\/vc_row][vc_row full_width=&#8221;stretch_row&#8221; css=&#8221;.vc_custom_1732362871531{background-color: #A9A8A80F !important;}&#8221;][vc_column][vc_row_inner gap=&#8221;35&#8243;][vc_column_inner width=&#8221;1\/2&#8243;][vc_column_text css=&#8221;&#8221;] Bei SLEA-TEC wird Pers\u00f6nlichkeit nicht nur gro\u00df geschrieben, sondern auch gelebt. Unsere Leistungs-Tr\u00e4ger 2024 Gestalte deine Zukunft mit uns, Kreativit\u00e4t kennt keine Grenzen und ist besonders auf dem Bau gefragt. Ob Quereinsteiger:in, Fachkraft oder mit einem Master, es gibt vielf\u00e4ltige M\u00f6glichkeiten, deine Karriere bei Slea-Tec zu starten. Jens Horstmann Human Ressources, Slea-Tec [\/vc_column_text][\/vc_column_inner][vc_column_inner width=&#8221;1\/2&#8243;][vc_single_image image=&#8221;1013&#8243; css=&#8221;&#8221;][\/vc_column_inner][\/vc_row_inner][\/vc_column][\/vc_row][vc_row gap=&#8221;35&#8243; content_placement=&#8221;bottom&#8221;][vc_column width=&#8221;1\/3&#8243;][vc_column_text css=&#8221;&#8221;] Die Arbeit ist nicht schwer, ok, manchmal schon&#8230; aber man muss ein bisschen Interesse haben, dann geht es gut. Ja&#8230; ansonsten wir sind hier ein gutes Team, wie eine Familie, alles super. Catalin Lefter Vorarbeiter Slea-Tec [\/vc_column_text][\/vc_column][vc_column width=&#8221;2\/3&#8243;][vc_single_image image=&#8221;589&#8243; css=&#8221;&#8221;][\/vc_column][\/vc_row]<\/p>\n","protected":false},"author":1,"featured_media":0,"parent":560,"menu_order":0,"comment_status":"closed","ping_status":"closed","template":"","meta":{"_acf_changed":false,"inline_featured_image":false,"footnotes":""},"class_list":["post-565","page","type-page","status-publish","hentry"],"acf":[],"yoast_head":"<!-- This site is optimized with the Yoast SEO plugin v25.2 - https:\/\/yoast.com\/wordpress\/plugins\/seo\/ -->\n<title>Unser Team - SLEA TEC GmbH ARCHIV<\/title>\n<meta name=\"robots\" content=\"index, follow, max-snippet:-1, max-image-preview:large, max-video-preview:-1\" \/>\n<link rel=\"canonical\" href=\"https:\/\/www.slea-tec.de\/archive\/ueber-slea-tec\/unser-team\/\" \/>\n<meta property=\"og:locale\" content=\"en_US\" \/>\n<meta property=\"og:type\" content=\"article\" \/>\n<meta property=\"og:title\" content=\"Unser Team - SLEA TEC GmbH ARCHIV\" \/>\n<meta property=\"og:description\" content=\"[vc_row gap=&#8221;35&#8243;][vc_column width=&#8221;1\/2&#8243;][vc_column_text css=&#8221;&#8221;] F\u00fcr die Bew\u00e4ltigung unsere t\u00e4glichen Aufgaben Unser Team Kommunikation, innovative Inputs und ein gemeinsamer Austausch geh\u00f6ren bei Slea-Tec zur Praxis, und entsprechen unserem t\u00e4glichen Handeln. Qualifizierte Expertinnen und Experten nehmen sich mit der gr\u00f6\u00dftm\u00f6glichen Aufmerksamkeit unterschiedlichsten Problemen an und finden in konstruktiven Dialogen Ans\u00e4tze f\u00fcr spezifische L\u00f6sungen. Voneinander zu lernen, sich gemeinsam weiterzuentwickeln, um Ziele unserer Kunden und unsere eigenen zu erreichen, so lie\u00dfe sich am besten das Selbstverst\u00e4ndis von Slea-Tec beschreiben.\u201d Vesna Kostic Gesch\u00e4ftsf\u00fchrerin Slea-Tec [\/vc_column_text][\/vc_column][vc_column width=&#8221;1\/2&#8243;][vc_single_image image=&#8221;984&#8243; css=&#8221;&#8221;][\/vc_column][\/vc_row][vc_row gap=&#8221;35&#8243;][vc_column width=&#8221;7\/12&#8243;][vc_row_inner][vc_column_inner width=&#8221;1\/2&#8243;][vc_single_image image=&#8221;613&#8243; css=&#8221;.vc_custom_1732400845534{margin-bottom: 10px !important;}&#8221;][vc_column_text css=&#8221;&#8221;]Daniel Rado Technische Leitung[\/vc_column_text][\/vc_column_inner][vc_column_inner width=&#8221;1\/2&#8243;][vc_single_image image=&#8221;612&#8243; css=&#8221;.vc_custom_1732400854160{margin-bottom: 10px !important;}&#8221;][vc_column_text css=&#8221;&#8221;]Bojan Kricka Kaufm\u00e4nnische Leitung[\/vc_column_text][\/vc_column_inner][\/vc_row_inner][vc_row_inner][vc_column_inner width=&#8221;1\/2&#8243;][vc_single_image image=&#8221;608&#8243; css=&#8221;.vc_custom_1732400863290{margin-bottom: 10px !important;}&#8221;][vc_column_text css=&#8221;&#8221;]Jens Horstmann Human Ressources[\/vc_column_text][\/vc_column_inner][vc_column_inner width=&#8221;1\/2&#8243;][vc_single_image image=&#8221;980&#8243; css=&#8221;.vc_custom_1733342700492{margin-bottom: 10px !important;}&#8221;][vc_column_text css=&#8221;&#8221;]Daniel Radosavljevic Einkauf und Logistik[\/vc_column_text][\/vc_column_inner][\/vc_row_inner][vc_row_inner][vc_column_inner width=&#8221;1\/2&#8243;][vc_single_image image=&#8221;1011&#8243; css=&#8221;.vc_custom_1734337711015{margin-bottom: 10px !important;}&#8221;][vc_column_text css=&#8221;&#8221;]Mark Cloos Stoffstrommanagement[\/vc_column_text][\/vc_column_inner][vc_column_inner width=&#8221;1\/2&#8243;][vc_single_image image=&#8221;611&#8243; css=&#8221;.vc_custom_1732400889932{margin-bottom: 10px !important;}&#8221;][vc_column_text css=&#8221;&#8221;]Andreas Wegner Public Relations[\/vc_column_text][\/vc_column_inner][\/vc_row_inner][\/vc_column][vc_column width=&#8221;5\/12&#8243;][vc_single_image image=&#8221;610&#8243; css=&#8221;.vc_custom_1732791758398{margin-bottom: 70px !important;}&#8221;][vc_column_text css=&#8221;&#8221;] In der Baubranche ist Sicherheit ein zentrales Thema. Unser Unternehmen priorisiert Sicherheitsinitiativen und Schulungen zum Wohl unserer Mitarbeiter. Dies st\u00e4rkt nicht nur den Zusammenhalt im Team, sondern dokumentiert auch unser Engagement f\u00fcr eine positive Arbeitsumgebung. Synergieeffekte aus den verschiedenen T\u00e4tigkeitsfeldern wie Altlastensanierung, Abbruch, Erdbau und Rohbau werden permanent optimiert. Dabei spielen Arbeitssicherheit und R\u00fccksichtnahme auf die Umwelt eine zentrale Rolle. Roman Riedel Arbeits- \/ Sicherheitsbeauftragter [\/vc_column_text][\/vc_column][\/vc_row][vc_row full_width=&#8221;stretch_row&#8221; css=&#8221;.vc_custom_1732362871531{background-color: #A9A8A80F !important;}&#8221;][vc_column][vc_row_inner gap=&#8221;35&#8243;][vc_column_inner width=&#8221;1\/2&#8243;][vc_column_text css=&#8221;&#8221;] Bei SLEA-TEC wird Pers\u00f6nlichkeit nicht nur gro\u00df geschrieben, sondern auch gelebt. Unsere Leistungs-Tr\u00e4ger 2024 Gestalte deine Zukunft mit uns, Kreativit\u00e4t kennt keine Grenzen und ist besonders auf dem Bau gefragt. Ob Quereinsteiger:in, Fachkraft oder mit einem Master, es gibt vielf\u00e4ltige M\u00f6glichkeiten, deine Karriere bei Slea-Tec zu starten. Jens Horstmann Human Ressources, Slea-Tec [\/vc_column_text][\/vc_column_inner][vc_column_inner width=&#8221;1\/2&#8243;][vc_single_image image=&#8221;1013&#8243; css=&#8221;&#8221;][\/vc_column_inner][\/vc_row_inner][\/vc_column][\/vc_row][vc_row gap=&#8221;35&#8243; content_placement=&#8221;bottom&#8221;][vc_column width=&#8221;1\/3&#8243;][vc_column_text css=&#8221;&#8221;] Die Arbeit ist nicht schwer, ok, manchmal schon&#8230; aber man muss ein bisschen Interesse haben, dann geht es gut. Ja&#8230; ansonsten wir sind hier ein gutes Team, wie eine Familie, alles super. Catalin Lefter Vorarbeiter Slea-Tec [\/vc_column_text][\/vc_column][vc_column width=&#8221;2\/3&#8243;][vc_single_image image=&#8221;589&#8243; css=&#8221;&#8221;][\/vc_column][\/vc_row]\" \/>\n<meta property=\"og:url\" content=\"https:\/\/www.slea-tec.de\/archive\/ueber-slea-tec\/unser-team\/\" \/>\n<meta property=\"og:site_name\" content=\"SLEA TEC GmbH ARCHIV\" \/>\n<meta property=\"article:modified_time\" content=\"2024-12-16T09:01:36+00:00\" \/>\n<meta name=\"twitter:card\" content=\"summary_large_image\" \/>\n<meta name=\"twitter:label1\" content=\"Est. reading time\" \/>\n\t<meta name=\"twitter:data1\" content=\"3 minutes\" \/>\n<script type=\"application\/ld+json\" class=\"yoast-schema-graph\">{\"@context\":\"https:\/\/schema.org\",\"@graph\":[{\"@type\":\"WebPage\",\"@id\":\"https:\/\/www.slea-tec.de\/archive\/ueber-slea-tec\/unser-team\/\",\"url\":\"https:\/\/www.slea-tec.de\/archive\/ueber-slea-tec\/unser-team\/\",\"name\":\"Unser Team - SLEA TEC GmbH ARCHIV\",\"isPartOf\":{\"@id\":\"https:\/\/www.slea-tec.de\/archive\/#website\"},\"datePublished\":\"2024-11-20T09:26:10+00:00\",\"dateModified\":\"2024-12-16T09:01:36+00:00\",\"breadcrumb\":{\"@id\":\"https:\/\/www.slea-tec.de\/archive\/ueber-slea-tec\/unser-team\/#breadcrumb\"},\"inLanguage\":\"en-US\",\"potentialAction\":[{\"@type\":\"ReadAction\",\"target\":[\"https:\/\/www.slea-tec.de\/archive\/ueber-slea-tec\/unser-team\/\"]}]},{\"@type\":\"BreadcrumbList\",\"@id\":\"https:\/\/www.slea-tec.de\/archive\/ueber-slea-tec\/unser-team\/#breadcrumb\",\"itemListElement\":[{\"@type\":\"ListItem\",\"position\":1,\"name\":\"Home\",\"item\":\"https:\/\/www.slea-tec.de\/archive\/\"},{\"@type\":\"ListItem\",\"position\":2,\"name\":\"\u00dcber SLEA-TEC\",\"item\":\"https:\/\/www.slea-tec.de\/archive\/ueber-slea-tec\/\"},{\"@type\":\"ListItem\",\"position\":3,\"name\":\"Unser Team\"}]},{\"@type\":\"WebSite\",\"@id\":\"https:\/\/www.slea-tec.de\/archive\/#website\",\"url\":\"https:\/\/www.slea-tec.de\/archive\/\",\"name\":\"SLEA TEC GmbH ARCHIV\",\"description\":\"\",\"potentialAction\":[{\"@type\":\"SearchAction\",\"target\":{\"@type\":\"EntryPoint\",\"urlTemplate\":\"https:\/\/www.slea-tec.de\/archive\/?s={search_term_string}\"},\"query-input\":{\"@type\":\"PropertyValueSpecification\",\"valueRequired\":true,\"valueName\":\"search_term_string\"}}],\"inLanguage\":\"en-US\"}]}<\/script>\n<!-- \/ Yoast SEO plugin. -->","yoast_head_json":{"title":"Unser Team - SLEA TEC GmbH ARCHIV","robots":{"index":"index","follow":"follow","max-snippet":"max-snippet:-1","max-image-preview":"max-image-preview:large","max-video-preview":"max-video-preview:-1"},"canonical":"https:\/\/www.slea-tec.de\/archive\/ueber-slea-tec\/unser-team\/","og_locale":"en_US","og_type":"article","og_title":"Unser Team - SLEA TEC GmbH ARCHIV","og_description":"[vc_row gap=&#8221;35&#8243;][vc_column width=&#8221;1\/2&#8243;][vc_column_text css=&#8221;&#8221;] F\u00fcr die Bew\u00e4ltigung unsere t\u00e4glichen Aufgaben Unser Team Kommunikation, innovative Inputs und ein gemeinsamer Austausch geh\u00f6ren bei Slea-Tec zur Praxis, und entsprechen unserem t\u00e4glichen Handeln. Qualifizierte Expertinnen und Experten nehmen sich mit der gr\u00f6\u00dftm\u00f6glichen Aufmerksamkeit unterschiedlichsten Problemen an und finden in konstruktiven Dialogen Ans\u00e4tze f\u00fcr spezifische L\u00f6sungen. Voneinander zu lernen, sich gemeinsam weiterzuentwickeln, um Ziele unserer Kunden und unsere eigenen zu erreichen, so lie\u00dfe sich am besten das Selbstverst\u00e4ndis von Slea-Tec beschreiben.\u201d Vesna Kostic Gesch\u00e4ftsf\u00fchrerin Slea-Tec [\/vc_column_text][\/vc_column][vc_column width=&#8221;1\/2&#8243;][vc_single_image image=&#8221;984&#8243; css=&#8221;&#8221;][\/vc_column][\/vc_row][vc_row gap=&#8221;35&#8243;][vc_column width=&#8221;7\/12&#8243;][vc_row_inner][vc_column_inner width=&#8221;1\/2&#8243;][vc_single_image image=&#8221;613&#8243; css=&#8221;.vc_custom_1732400845534{margin-bottom: 10px !important;}&#8221;][vc_column_text css=&#8221;&#8221;]Daniel Rado Technische Leitung[\/vc_column_text][\/vc_column_inner][vc_column_inner width=&#8221;1\/2&#8243;][vc_single_image image=&#8221;612&#8243; css=&#8221;.vc_custom_1732400854160{margin-bottom: 10px !important;}&#8221;][vc_column_text css=&#8221;&#8221;]Bojan Kricka Kaufm\u00e4nnische Leitung[\/vc_column_text][\/vc_column_inner][\/vc_row_inner][vc_row_inner][vc_column_inner width=&#8221;1\/2&#8243;][vc_single_image image=&#8221;608&#8243; css=&#8221;.vc_custom_1732400863290{margin-bottom: 10px !important;}&#8221;][vc_column_text css=&#8221;&#8221;]Jens Horstmann Human Ressources[\/vc_column_text][\/vc_column_inner][vc_column_inner width=&#8221;1\/2&#8243;][vc_single_image image=&#8221;980&#8243; css=&#8221;.vc_custom_1733342700492{margin-bottom: 10px !important;}&#8221;][vc_column_text css=&#8221;&#8221;]Daniel Radosavljevic Einkauf und Logistik[\/vc_column_text][\/vc_column_inner][\/vc_row_inner][vc_row_inner][vc_column_inner width=&#8221;1\/2&#8243;][vc_single_image image=&#8221;1011&#8243; css=&#8221;.vc_custom_1734337711015{margin-bottom: 10px !important;}&#8221;][vc_column_text css=&#8221;&#8221;]Mark Cloos Stoffstrommanagement[\/vc_column_text][\/vc_column_inner][vc_column_inner width=&#8221;1\/2&#8243;][vc_single_image image=&#8221;611&#8243; css=&#8221;.vc_custom_1732400889932{margin-bottom: 10px !important;}&#8221;][vc_column_text css=&#8221;&#8221;]Andreas Wegner Public Relations[\/vc_column_text][\/vc_column_inner][\/vc_row_inner][\/vc_column][vc_column width=&#8221;5\/12&#8243;][vc_single_image image=&#8221;610&#8243; css=&#8221;.vc_custom_1732791758398{margin-bottom: 70px !important;}&#8221;][vc_column_text css=&#8221;&#8221;] In der Baubranche ist Sicherheit ein zentrales Thema. Unser Unternehmen priorisiert Sicherheitsinitiativen und Schulungen zum Wohl unserer Mitarbeiter. Dies st\u00e4rkt nicht nur den Zusammenhalt im Team, sondern dokumentiert auch unser Engagement f\u00fcr eine positive Arbeitsumgebung. Synergieeffekte aus den verschiedenen T\u00e4tigkeitsfeldern wie Altlastensanierung, Abbruch, Erdbau und Rohbau werden permanent optimiert. Dabei spielen Arbeitssicherheit und R\u00fccksichtnahme auf die Umwelt eine zentrale Rolle. Roman Riedel Arbeits- \/ Sicherheitsbeauftragter [\/vc_column_text][\/vc_column][\/vc_row][vc_row full_width=&#8221;stretch_row&#8221; css=&#8221;.vc_custom_1732362871531{background-color: #A9A8A80F !important;}&#8221;][vc_column][vc_row_inner gap=&#8221;35&#8243;][vc_column_inner width=&#8221;1\/2&#8243;][vc_column_text css=&#8221;&#8221;] Bei SLEA-TEC wird Pers\u00f6nlichkeit nicht nur gro\u00df geschrieben, sondern auch gelebt. Unsere Leistungs-Tr\u00e4ger 2024 Gestalte deine Zukunft mit uns, Kreativit\u00e4t kennt keine Grenzen und ist besonders auf dem Bau gefragt. Ob Quereinsteiger:in, Fachkraft oder mit einem Master, es gibt vielf\u00e4ltige M\u00f6glichkeiten, deine Karriere bei Slea-Tec zu starten. Jens Horstmann Human Ressources, Slea-Tec [\/vc_column_text][\/vc_column_inner][vc_column_inner width=&#8221;1\/2&#8243;][vc_single_image image=&#8221;1013&#8243; css=&#8221;&#8221;][\/vc_column_inner][\/vc_row_inner][\/vc_column][\/vc_row][vc_row gap=&#8221;35&#8243; content_placement=&#8221;bottom&#8221;][vc_column width=&#8221;1\/3&#8243;][vc_column_text css=&#8221;&#8221;] Die Arbeit ist nicht schwer, ok, manchmal schon&#8230; aber man muss ein bisschen Interesse haben, dann geht es gut. Ja&#8230; ansonsten wir sind hier ein gutes Team, wie eine Familie, alles super. Catalin Lefter Vorarbeiter Slea-Tec [\/vc_column_text][\/vc_column][vc_column width=&#8221;2\/3&#8243;][vc_single_image image=&#8221;589&#8243; css=&#8221;&#8221;][\/vc_column][\/vc_row]","og_url":"https:\/\/www.slea-tec.de\/archive\/ueber-slea-tec\/unser-team\/","og_site_name":"SLEA TEC GmbH ARCHIV","article_modified_time":"2024-12-16T09:01:36+00:00","twitter_card":"summary_large_image","twitter_misc":{"Est. reading time":"3 minutes"},"schema":{"@context":"https:\/\/schema.org","@graph":[{"@type":"WebPage","@id":"https:\/\/www.slea-tec.de\/archive\/ueber-slea-tec\/unser-team\/","url":"https:\/\/www.slea-tec.de\/archive\/ueber-slea-tec\/unser-team\/","name":"Unser Team - SLEA TEC GmbH ARCHIV","isPartOf":{"@id":"https:\/\/www.slea-tec.de\/archive\/#website"},"datePublished":"2024-11-20T09:26:10+00:00","dateModified":"2024-12-16T09:01:36+00:00","breadcrumb":{"@id":"https:\/\/www.slea-tec.de\/archive\/ueber-slea-tec\/unser-team\/#breadcrumb"},"inLanguage":"en-US","potentialAction":[{"@type":"ReadAction","target":["https:\/\/www.slea-tec.de\/archive\/ueber-slea-tec\/unser-team\/"]}]},{"@type":"BreadcrumbList","@id":"https:\/\/www.slea-tec.de\/archive\/ueber-slea-tec\/unser-team\/#breadcrumb","itemListElement":[{"@type":"ListItem","position":1,"name":"Home","item":"https:\/\/www.slea-tec.de\/archive\/"},{"@type":"ListItem","position":2,"name":"\u00dcber SLEA-TEC","item":"https:\/\/www.slea-tec.de\/archive\/ueber-slea-tec\/"},{"@type":"ListItem","position":3,"name":"Unser Team"}]},{"@type":"WebSite","@id":"https:\/\/www.slea-tec.de\/archive\/#website","url":"https:\/\/www.slea-tec.de\/archive\/","name":"SLEA TEC GmbH ARCHIV","description":"","potentialAction":[{"@type":"SearchAction","target":{"@type":"EntryPoint","urlTemplate":"https:\/\/www.slea-tec.de\/archive\/?s={search_term_string}"},"query-input":{"@type":"PropertyValueSpecification","valueRequired":true,"valueName":"search_term_string"}}],"inLanguage":"en-US"}]}},"_links":{"self":[{"href":"https:\/\/www.slea-tec.de\/archive\/wp-json\/wp\/v2\/pages\/565","targetHints":{"allow":["GET"]}}],"collection":[{"href":"https:\/\/www.slea-tec.de\/archive\/wp-json\/wp\/v2\/pages"}],"about":[{"href":"https:\/\/www.slea-tec.de\/archive\/wp-json\/wp\/v2\/types\/page"}],"author":[{"embeddable":true,"href":"https:\/\/www.slea-tec.de\/archive\/wp-json\/wp\/v2\/users\/1"}],"replies":[{"embeddable":true,"href":"https:\/\/www.slea-tec.de\/archive\/wp-json\/wp\/v2\/comments?post=565"}],"version-history":[{"count":30,"href":"https:\/\/www.slea-tec.de\/archive\/wp-json\/wp\/v2\/pages\/565\/revisions"}],"predecessor-version":[{"id":1014,"href":"https:\/\/www.slea-tec.de\/archive\/wp-json\/wp\/v2\/pages\/565\/revisions\/1014"}],"up":[{"embeddable":true,"href":"https:\/\/www.slea-tec.de\/archive\/wp-json\/wp\/v2\/pages\/560"}],"wp:attachment":[{"href":"https:\/\/www.slea-tec.de\/archive\/wp-json\/wp\/v2\/media?parent=565"}],"curies":[{"name":"wp","href":"https:\/\/api.w.org\/{rel}","templated":true}]}}